{"id":75,"date":"2022-04-21T13:54:47","date_gmt":"2022-04-21T11:54:47","guid":{"rendered":"https:\/\/vodmatskeiskrice.splet.arnes.si\/?page_id=75"},"modified":"2024-06-19T19:10:30","modified_gmt":"2024-06-19T17:10:30","slug":"dobrodosli","status":"publish","type":"page","link":"https:\/\/vodmatskeiskrice.splet.arnes.si\/","title":{"rendered":"Domov"},"content":{"rendered":"<p>[et_pb_section fb_built=&#8221;1&#8243; admin_label=&#8221;Header&#8221; _builder_version=&#8221;4.16&#8243; _module_preset=&#8221;default&#8221; background_color=&#8221;#EDF000&#8243; background_image=&#8221;https:\/\/vodmatskeiskrice.splet.arnes.si\/files\/2022\/04\/dog-walker-10-3.png&#8221; bottom_divider_style=&#8221;asymmetric&#8221; bottom_divider_color=&#8221;#f8f7f1&#8243; bottom_divider_height=&#8221;26vw&#8221; bottom_divider_height_tablet=&#8221;150px&#8221; bottom_divider_height_phone=&#8221;80px&#8221; bottom_divider_height_last_edited=&#8221;on|phone&#8221; global_colors_info=&#8221;{}&#8221;][et_pb_row column_structure=&#8221;1_2,1_2&#8243; _builder_version=&#8221;4.16&#8243; _module_preset=&#8221;default&#8221; global_colors_info=&#8221;{}&#8221;][et_pb_column type=&#8221;1_2&#8243; _builder_version=&#8221;4.16&#8243; _module_preset=&#8221;default&#8221; global_colors_info=&#8221;{}&#8221;][et_pb_text _builder_version=&#8221;4.16&#8243; _module_preset=&#8221;77bd6224-541c-4dfa-aa0c-4832456a9557&#8243; header_font=&#8221;Berkshire Swash||||||||&#8221; header_text_color=&#8221;#000000&#8243; header_font_size=&#8221;100px&#8221; header_font_size_tablet=&#8221;50px&#8221; header_font_size_phone=&#8221;28px&#8221; header_font_size_last_edited=&#8221;on|phone&#8221; locked=&#8221;off&#8221; global_colors_info=&#8221;{}&#8221;]<\/p>\n<h1>Vodmatske iskrice<\/h1>\n<p>[\/et_pb_text][et_pb_text _builder_version=&#8221;4.16&#8243; _module_preset=&#8221;7e815e5b-c042-4930-9f47-86f0425bfee6&#8243; header_font=&#8221;||||||||&#8221; header_4_font=&#8221;Quicksand|700|||||||&#8221; header_4_text_color=&#8221;#000000&#8243; header_4_font_size=&#8221;16px&#8221; header_4_line_height=&#8221;1.7em&#8221; max_width=&#8221;450px&#8221; header_4_font_size_tablet=&#8221;14px&#8221; header_4_font_size_phone=&#8221;12px&#8221; header_4_font_size_last_edited=&#8221;on|phone&#8221; locked=&#8221;off&#8221; global_colors_info=&#8221;{}&#8221;]<\/p>\n<h4>\u0160olski \u010dasopis O\u0160 Vodmat<\/h4>\n<p>[\/et_pb_text][\/et_pb_column][et_pb_column type=&#8221;1_2&#8243; _builder_version=&#8221;4.16&#8243; _module_preset=&#8221;default&#8221; global_colors_info=&#8221;{}&#8221;][\/et_pb_column][\/et_pb_row][\/et_pb_section][et_pb_section fb_built=&#8221;1&#8243; admin_label=&#8221;Testimonial&#8221; _builder_version=&#8221;4.23.4&#8243; _module_preset=&#8221;default&#8221; background_color=&#8221;#F8F7F1&#8243; background_image=&#8221;https:\/\/vodmatskeiskrice.splet.arnes.si\/files\/2022\/04\/homemade-cookies-020.png&#8221; background_size=&#8221;contain&#8221; custom_margin=&#8221;||-156px|||&#8221; global_colors_info=&#8221;{}&#8221;][et_pb_row column_structure=&#8221;1_2,1_2&#8243; _builder_version=&#8221;4.16&#8243; _module_preset=&#8221;default&#8221; global_colors_info=&#8221;{}&#8221;][et_pb_column type=&#8221;1_2&#8243; _builder_version=&#8221;4.16&#8243; _module_preset=&#8221;default&#8221; global_colors_info=&#8221;{}&#8221;][et_pb_text _builder_version=&#8221;4.17.3&#8243; _module_preset=&#8221;5d3f8cca-d90a-4e08-af14-61b25e736a62&#8243; text_text_color=&#8221;#E02B20&#8243; header_text_color=&#8221;#E02B20&#8243; header_2_font=&#8221;Quicksand||||||||&#8221; header_2_text_color=&#8221;#000000&#8243; header_2_font_size=&#8221;60px&#8221; header_2_line_height=&#8221;1.2em&#8221; background_image=&#8221;https:\/\/vodmatskeiskrice.splet.arnes.si\/files\/2022\/04\/homemade-cookies-018.png&#8221; parallax=&#8221;on&#8221; background_layout=&#8221;dark&#8221; custom_padding=&#8221;||84px|||&#8221; header_2_font_size_tablet=&#8221;32px&#8221; header_2_font_size_phone=&#8221;20px&#8221; header_2_font_size_last_edited=&#8221;on|phone&#8221; locked=&#8221;off&#8221; inline_fonts=&#8221;Bebas Neue&#8221; global_colors_info=&#8221;{}&#8221;]<\/p>\n<h2><strong><span style=\"font-family: inherit\">Nova \u0161tevilka Vodmatskih iskric.<\/span><\/strong><\/h2>\n<p>[\/et_pb_text][\/et_pb_column][et_pb_column type=&#8221;1_2&#8243; _builder_version=&#8221;4.16&#8243; _module_preset=&#8221;default&#8221; custom_padding_tablet=&#8221;30px||||false|false&#8221; custom_padding_phone=&#8221;20px||||false|false&#8221; custom_padding_last_edited=&#8221;off|desktop&#8221; global_colors_info=&#8221;{}&#8221;][et_pb_text _builder_version=&#8221;4.23.4&#8243; _module_preset=&#8221;afe8fc41-dc70-4bf1-b625-17644c79cbc3&#8243; text_font=&#8221;Quicksand||||||||&#8221; text_text_color=&#8221;#000000&#8243; text_font_size=&#8221;16px&#8221; text_line_height=&#8221;2.2em&#8221; custom_margin=&#8221;|||-73px||&#8221; custom_padding=&#8221;138px||0px|16px||&#8221; text_font_size_tablet=&#8221;15px&#8221; text_font_size_phone=&#8221;14px&#8221; text_font_size_last_edited=&#8221;on|phone&#8221; locked=&#8221;off&#8221; global_colors_info=&#8221;{}&#8221;]<\/p>\n<p class=\"has-text-align-center has-small-font-size\" style=\"text-align: right\"><span style=\"font-size: large\">\u00a0 Leto\u0161njo \u0161tevilko \u0161olskega \u010dasopisa (2023\/2024) najdete<\/span><span style=\"font-size: large\">\u00a0<a href=\"https:\/\/vodmatskeiskrice.splet.arnes.si\/files\/2024\/06\/Vodmatske-iskrice-koncna-23_24_za-objavo_zadnja.pdf\" target=\"_blank\" rel=\"noreferrer noopener\">tukaj<\/a>.<\/span><\/p>\n<p class=\"has-text-align-center has-small-font-size\" style=\"text-align: right\"><span style=\"font-size: large\"><\/span><\/p>\n<p class=\"has-text-align-center has-small-font-size\" style=\"text-align: right\"><span style=\"font-size: large\">Naj se ob branju iskrijo nasmehi!<\/span><\/p>\n<p>&nbsp;<\/p>\n<p>&nbsp;<\/p>\n<p>[\/et_pb_text][\/et_pb_column][\/et_pb_row][et_pb_row column_structure=&#8221;1_2,1_2&#8243; _builder_version=&#8221;4.16&#8243; _module_preset=&#8221;default&#8221; global_colors_info=&#8221;{}&#8221;][et_pb_column type=&#8221;1_2&#8243; _builder_version=&#8221;4.16&#8243; _module_preset=&#8221;default&#8221; global_colors_info=&#8221;{}&#8221;][et_pb_text _builder_version=&#8221;4.17.3&#8243; _module_preset=&#8221;5d3f8cca-d90a-4e08-af14-61b25e736a62&#8243; text_text_color=&#8221;#E02B20&#8243; header_text_color=&#8221;#E02B20&#8243; header_2_font=&#8221;Quicksand||||||||&#8221; header_2_text_color=&#8221;#000000&#8243; header_2_font_size=&#8221;60px&#8221; header_2_line_height=&#8221;1.2em&#8221; background_image=&#8221;https:\/\/vodmatskeiskrice.splet.arnes.si\/files\/2022\/04\/homemade-cookies-018.png&#8221; parallax=&#8221;on&#8221; background_layout=&#8221;dark&#8221; custom_padding=&#8221;||222px|||&#8221; header_2_font_size_tablet=&#8221;32px&#8221; header_2_font_size_phone=&#8221;20px&#8221; header_2_font_size_last_edited=&#8221;on|phone&#8221; locked=&#8221;off&#8221; inline_fonts=&#8221;Bebas Neue&#8221; global_colors_info=&#8221;{}&#8221;]<\/p>\n<h2><span style=\"font-family: inherit;font-weight: normal\">Na\u0161 za\u010detek<\/span><\/h2>\n<p>[\/et_pb_text][\/et_pb_column][et_pb_column type=&#8221;1_2&#8243; _builder_version=&#8221;4.16&#8243; _module_preset=&#8221;default&#8221; custom_padding_tablet=&#8221;30px||||false|false&#8221; custom_padding_phone=&#8221;20px||||false|false&#8221; custom_padding_last_edited=&#8221;off|desktop&#8221; global_colors_info=&#8221;{}&#8221;][et_pb_text _builder_version=&#8221;4.16&#8243; _module_preset=&#8221;afe8fc41-dc70-4bf1-b625-17644c79cbc3&#8243; text_font=&#8221;Quicksand||||||||&#8221; text_text_color=&#8221;#000000&#8243; text_font_size=&#8221;16px&#8221; text_line_height=&#8221;2.2em&#8221; custom_margin=&#8221;|||-73px||&#8221; custom_padding=&#8221;||0px|16px||&#8221; text_font_size_tablet=&#8221;15px&#8221; text_font_size_phone=&#8221;14px&#8221; text_font_size_last_edited=&#8221;on|phone&#8221; locked=&#8221;off&#8221; global_colors_info=&#8221;{}&#8221;]<\/p>\n<p class=\"has-text-align-center has-small-font-size\" style=\"text-align: right\"><span style=\"font-size: large\">\u00a0 \u0160olski \u010dasopis Vodmatske iskrice je za\u017eivel leta 2020 pod okriljem mentoric Mateje \u010ceh, <\/span><span style=\"font-size: large\">Anite \u0106ordi\u0107, Tja\u0161e Golobi\u010d \u0160tucin in u\u010denk takratnega 5. razreda. V na\u0161i 1. \u0161tevilki je bila osrednja tema PRENOVA \u0160OLE, ki jo lahko preberete <a href=\"https:\/\/href.li\/?https:\/\/matejaceh.wixsite.com\/vodmatskeiskrice?fbclid=IwAR2kfCYjk2oaakb6iDhmfv6ljSu1aPw7INJ2BXRU3izs-oWQv-0dxjBjcRg\" target=\"_blank\" rel=\"noreferrer noopener\">tukaj<\/a>.<\/span><\/p>\n<p class=\"has-text-align-center has-small-font-size\" style=\"text-align: right\"><span style=\"font-size: large\">V \u0161olskem letu 2021\/22 smo \u0161olski \u010dasopis po kraj\u0161em premoru ponovno obudili, tokrat z novo ekipo in v elektronski obliki.<\/span><br \/><span style=\"font-size: large\"><\/span><\/p>\n<p class=\"has-text-align-center has-small-font-size\" style=\"text-align: right\"><span style=\"font-size: large\"><\/span><\/p>\n<p class=\"has-text-align-center has-small-font-size\" style=\"text-align: right\"><span style=\"font-size: large\">Naj se\u00a0 ob branju iskri va\u0161 nasmeh!<\/span><\/p>\n<p>&nbsp;<\/p>\n<p>&nbsp;<\/p>\n<p>[\/et_pb_text][\/et_pb_column][\/et_pb_row][et_pb_row column_structure=&#8221;1_3,1_3,1_3&#8243; _builder_version=&#8221;4.16&#8243; _module_preset=&#8221;default&#8221; custom_margin=&#8221;61px|auto||auto|false|false&#8221; custom_margin_tablet=&#8221;150px||||false|false&#8221; custom_margin_phone=&#8221;80px||||false|false&#8221; custom_margin_last_edited=&#8221;on|phone&#8221; global_colors_info=&#8221;{}&#8221;][et_pb_column type=&#8221;1_3&#8243; _builder_version=&#8221;4.16&#8243; _module_preset=&#8221;default&#8221; global_colors_info=&#8221;{}&#8221;][et_pb_text _builder_version=&#8221;4.16&#8243; _module_preset=&#8221;abe15537-a205-41f8-9025-7356e956fa93&#8243; text_font=&#8221;Quicksand|600|||||||&#8221; text_text_color=&#8221;rgba(0,0,0,0.64)&#8221; text_line_height=&#8221;2.2em&#8221; header_font=&#8221;||||||||&#8221; header_3_font=&#8221;Quicksand|700|||||||&#8221; header_3_text_color=&#8221;#ff7737&#8243; header_3_font_size=&#8221;26px&#8221; header_3_line_height=&#8221;1.5em&#8221; text_orientation=&#8221;right&#8221; text_font_size_tablet=&#8221;&#8221; text_font_size_phone=&#8221;&#8221; text_font_size_last_edited=&#8221;on|phone&#8221; header_3_font_size_tablet=&#8221;20px&#8221; header_3_font_size_phone=&#8221;16px&#8221; header_3_font_size_last_edited=&#8221;on|phone&#8221; text_orientation_tablet=&#8221;left&#8221; text_orientation_phone=&#8221;&#8221; text_orientation_last_edited=&#8221;on|tablet&#8221; locked=&#8221;off&#8221; global_colors_info=&#8221;{}&#8221;]<\/p>\n<h3><a href=\"https:\/\/vodmatskeiskrice.splet.arnes.si\/?page_id=258\">Intervjuji<\/a><\/h3>\n<div class=\"et_pb_text_inner\">\n<div data-shortcode-id=\"1.1.0.0-1650616175080\" data-quickaccess-editable=\"yes\" class=\"et-fb-popover-tinymce\">\n<div class=\"mce-content-body\">\n<p class=\"p1\">Vas zanima kaj ve\u010d o u\u010diteljih na\u0161e \u0161ole?<\/p>\n<\/div>\n<\/div>\n<\/div>\n<div class=\"et-fb-mousetrap et-fb-mousetrap--module et-fb-mousetrap-move\" style=\"background: 0px center\"><\/div>\n<p class=\"p1\">Veste kaj po\u010dnejo v prostem \u010dasu? Vse to in \u0161e ve\u010d boste izvedeli v intervjujih z njimi.<\/p>\n<p>[\/et_pb_text][et_pb_text _builder_version=&#8221;4.16&#8243; _module_preset=&#8221;abe15537-a205-41f8-9025-7356e956fa93&#8243; text_font=&#8221;Quicksand|600|||||||&#8221; text_text_color=&#8221;rgba(0,0,0,0.64)&#8221; text_line_height=&#8221;2.2em&#8221; header_font=&#8221;||||||||&#8221; header_3_font=&#8221;Quicksand|700|||||||&#8221; header_3_text_color=&#8221;#ff7737&#8243; header_3_font_size=&#8221;26px&#8221; header_3_line_height=&#8221;1.5em&#8221; text_orientation=&#8221;right&#8221; custom_padding=&#8221;2px|||||&#8221; text_font_size_tablet=&#8221;&#8221; text_font_size_phone=&#8221;&#8221; text_font_size_last_edited=&#8221;on|phone&#8221; header_3_font_size_tablet=&#8221;20px&#8221; header_3_font_size_phone=&#8221;16px&#8221; header_3_font_size_last_edited=&#8221;on|phone&#8221; text_orientation_tablet=&#8221;left&#8221; text_orientation_phone=&#8221;&#8221; text_orientation_last_edited=&#8221;on|tablet&#8221; locked=&#8221;off&#8221; global_colors_info=&#8221;{}&#8221;]<\/p>\n<h3><a href=\"https:\/\/vodmatskeiskrice.splet.arnes.si\/?page_id=338\">Prispevki u\u010dencev in u\u010denk<\/a><\/h3>\n<p class=\"p1\">Spodbujamo ustvarjalnost u\u010denk in u\u010dencev na podro\u010dju likovne umetnosti, jezika, glasbe in \u0161porta.<\/p>\n<p>[\/et_pb_text][\/et_pb_column][et_pb_column type=&#8221;1_3&#8243; _builder_version=&#8221;4.16&#8243; _module_preset=&#8221;default&#8221; global_colors_info=&#8221;{}&#8221;][et_pb_text _builder_version=&#8221;4.16&#8243; _module_preset=&#8221;33d8ed47-9575-4183-ae48-b1d6c4145db4&#8243; header_2_font=&#8221;Berkshire Swash||||||||&#8221; header_2_text_align=&#8221;center&#8221; header_2_text_color=&#8221;#000000&#8243; header_2_font_size=&#8221;60px&#8221; header_2_line_height=&#8221;1.2em&#8221; min_height=&#8221;320px&#8221; header_2_font_size_tablet=&#8221;32px&#8221; header_2_font_size_phone=&#8221;20px&#8221; header_2_font_size_last_edited=&#8221;on|phone&#8221; locked=&#8221;off&#8221; global_colors_info=&#8221;{}&#8221;]<\/p>\n<h2><\/h2>\n<h2><\/h2>\n<h2><\/h2>\n<h2><\/h2>\n<h2><\/h2>\n<h2><\/h2>\n<h2><\/h2>\n<h2>V Iskrici so:<\/h2>\n<p>[\/et_pb_text][\/et_pb_column][et_pb_column type=&#8221;1_3&#8243; _builder_version=&#8221;4.16&#8243; _module_preset=&#8221;default&#8221; global_colors_info=&#8221;{}&#8221;][et_pb_text _builder_version=&#8221;4.16&#8243; _module_preset=&#8221;abe15537-a205-41f8-9025-7356e956fa93&#8243; text_font=&#8221;Quicksand|600|||||||&#8221; text_text_color=&#8221;rgba(0,0,0,0.64)&#8221; text_line_height=&#8221;2.2em&#8221; header_font=&#8221;||||||||&#8221; header_3_font=&#8221;Quicksand|700|||||||&#8221; header_3_text_color=&#8221;#ff7737&#8243; header_3_font_size=&#8221;26px&#8221; header_3_line_height=&#8221;1.5em&#8221; text_font_size_tablet=&#8221;&#8221; text_font_size_phone=&#8221;&#8221; text_font_size_last_edited=&#8221;on|phone&#8221; header_3_font_size_tablet=&#8221;20px&#8221; header_3_font_size_phone=&#8221;16px&#8221; header_3_font_size_last_edited=&#8221;on|phone&#8221; locked=&#8221;off&#8221; global_colors_info=&#8221;{}&#8221;]<\/p>\n<h3><a href=\"https:\/\/vodmatskeiskrice.splet.arnes.si\/?page_id=259\">Ankete<\/a><\/h3>\n<p class=\"p1\">U\u010dencem zastavljamo razna aktualna in zanimiva vpra\u0161anja. Zagotovo boste izvedeli kaj novega.<\/p>\n<p>[\/et_pb_text][et_pb_text _builder_version=&#8221;4.16&#8243; _module_preset=&#8221;abe15537-a205-41f8-9025-7356e956fa93&#8243; text_font=&#8221;Quicksand|600|||||||&#8221; text_text_color=&#8221;rgba(0,0,0,0.64)&#8221; text_line_height=&#8221;2.2em&#8221; header_font=&#8221;||||||||&#8221; header_3_font=&#8221;Quicksand|700|||||||&#8221; header_3_text_color=&#8221;#ff7737&#8243; header_3_font_size=&#8221;26px&#8221; header_3_line_height=&#8221;1.5em&#8221; text_font_size_tablet=&#8221;&#8221; text_font_size_phone=&#8221;&#8221; text_font_size_last_edited=&#8221;on|phone&#8221; header_3_font_size_tablet=&#8221;20px&#8221; header_3_font_size_phone=&#8221;16px&#8221; header_3_font_size_last_edited=&#8221;on|phone&#8221; locked=&#8221;off&#8221; global_colors_info=&#8221;{}&#8221;]<\/p>\n<h3><a href=\"https:\/\/vodmatskeiskrice.splet.arnes.si\/?page_id=261\">Zabavni izzivi<\/a><\/h3>\n<p class=\"p1\">Sobe pobega, kvizi, uganke, nate\u010daji \u0161olskega \u010dasopisa &#8230;<\/p>\n<p>[\/et_pb_text][\/et_pb_column][\/et_pb_row][\/et_pb_section][et_pb_section fb_built=&#8221;1&#8243; admin_label=&#8221;Features&#8221; _builder_version=&#8221;4.16&#8243; _module_preset=&#8221;default&#8221; background_color=&#8221;#F8F7F1&#8243; background_image=&#8221;https:\/\/vodmatskeiskrice.splet.arnes.si\/files\/2022\/04\/homemade-cookies-016.png&#8221; background_position=&#8221;top_center&#8221; global_colors_info=&#8221;{}&#8221;][et_pb_row _builder_version=&#8221;4.17.3&#8243; _module_preset=&#8221;default&#8221; min_height=&#8221;180px&#8221; global_colors_info=&#8221;{}&#8221;][et_pb_column type=&#8221;4_4&#8243; _builder_version=&#8221;4.17.3&#8243; _module_preset=&#8221;default&#8221; global_colors_info=&#8221;{}&#8221;][\/et_pb_column][\/et_pb_row][\/et_pb_section]<\/p>\n","protected":false},"excerpt":{"rendered":"<p>Vodmatske iskrice\u0160olski \u010dasopis O\u0160 VodmatNova \u0161tevilka Vodmatskih iskric.\u00a0 Leto\u0161njo \u0161tevilko \u0161olskega \u010dasopisa (2023\/2024) najdete\u00a0tukaj. Naj se ob branju iskrijo nasmehi! &nbsp; &nbsp;Na\u0161 za\u010detek\u00a0 \u0160olski \u010dasopis Vodmatske iskrice je za\u017eivel leta 2020 pod okriljem mentoric Mateje \u010ceh, Anite \u0106ordi\u0107, Tja\u0161e Golobi\u010d \u0160tucin in u\u010denk takratnega 5. razreda. V na\u0161i 1. \u0161tevilki je bila osrednja tema PRENOVA [&hellip;]<\/p>\n","protected":false},"author":90704,"featured_media":0,"parent":0,"menu_order":0,"comment_status":"closed","ping_status":"closed","template":"","meta":{"_et_pb_use_builder":"on","_et_pb_old_content":"<!-- wp:image {\"id\":17,\"sizeSlug\":\"full\",\"linkDestination\":\"none\"} -->\n<figure class=\"wp-block-image size-full\"><img src=\"https:\/\/vodmatskeiskrice.splet.arnes.si\/files\/2022\/04\/Vodmatske-iskrice.png\" alt=\"\" class=\"wp-image-17\"\/><\/figure>\n<!-- \/wp:image -->\n\n<!-- wp:paragraph -->\n<p>Vodmatske iskrice so za\u017eivele leta 2020 pod okriljem mentoric Mateje \u010ceh, Anite \u0106ordi\u0107, Tja\u0161e Golobi\u010d \u0160tucin in u\u010denk takratnega 5. razreda. V 1. \u0161tevilki je bila osrednja tema PRENOVA \u0160OLE, ki jo lahko preberete&nbsp;<a href=\"https:\/\/href.li\/?https:\/\/matejaceh.wixsite.com\/vodmatskeiskrice?fbclid=IwAR2kfCYjk2oaakb6iDhmfv6ljSu1aPw7INJ2BXRU3izs-oWQv-0dxjBjcRg\" target=\"_blank\" rel=\"noreferrer noopener\">tukaj<\/a>.<\/p>\n<!-- \/wp:paragraph -->\n\n<!-- wp:paragraph -->\n<p>V \u0161olskem letu 2021\/22 smo ponovno o\u017eiveli \u0161olski \u010dasopis, tokrat z novo ekipo in v elektronski obliki.<br>Naj se med branjem iskrijo nasmehi!<\/p>\n<!-- \/wp:paragraph -->","_et_gb_content_width":"","footnotes":""},"class_list":["post-75","page","type-page","status-publish","hentry"],"_links":{"self":[{"href":"https:\/\/vodmatskeiskrice.splet.arnes.si\/index.php?rest_route=\/wp\/v2\/pages\/75","targetHints":{"allow":["GET"]}}],"collection":[{"href":"https:\/\/vodmatskeiskrice.splet.arnes.si\/index.php?rest_route=\/wp\/v2\/pages"}],"about":[{"href":"https:\/\/vodmatskeiskrice.splet.arnes.si\/index.php?rest_route=\/wp\/v2\/types\/page"}],"author":[{"embeddable":true,"href":"https:\/\/vodmatskeiskrice.splet.arnes.si\/index.php?rest_route=\/wp\/v2\/users\/90704"}],"replies":[{"embeddable":true,"href":"https:\/\/vodmatskeiskrice.splet.arnes.si\/index.php?rest_route=%2Fwp%2Fv2%2Fcomments&post=75"}],"version-history":[{"count":33,"href":"https:\/\/vodmatskeiskrice.splet.arnes.si\/index.php?rest_route=\/wp\/v2\/pages\/75\/revisions"}],"predecessor-version":[{"id":616,"href":"https:\/\/vodmatskeiskrice.splet.arnes.si\/index.php?rest_route=\/wp\/v2\/pages\/75\/revisions\/616"}],"wp:attachment":[{"href":"https:\/\/vodmatskeiskrice.splet.arnes.si\/index.php?rest_route=%2Fwp%2Fv2%2Fmedia&parent=75"}],"curies":[{"name":"wp","href":"https:\/\/api.w.org\/{rel}","templated":true}]}}